e 16?
-3181
-1747057 (base 8) to base 10
-511535
Convert -101111011100101011 (base 2) to base 4.
-233130223
Convert -88b544 (base 12) to base 15.
-2cec84
-723050 (base 9) to base 5
-102204242
Convert 18676865 (base 9) to base 14.
137a235
What is 101001101100000 (base 2) in base 11?
15044
-2128381 (base 9) to base 10
-1141201
-e9d0 (base 16) to base 8
-164720
83060 (base 11) to base 6
2333015
190874 (base 10) to base 2
101110100110011010
What is 92aa20 (base 11) in base 13?
4038cc
-1413134133 (base 5) to base 6
-210052224
Convert 1123321302 (base 4) to base 10.
376434
344401 (base 10) to base 14
8d721
Convert 11060221 (base 8) to base 3.
11111010020221
What is b39034 (base 12) in base 9?
5260344
What is -100011011000001101110010 (base 2) in base 13?
-1bc9410
What is -1002642 (base 9) in base 4?
-2002032233
Convert -133002014 (base 5) to base 3.
-1021010222212
413023413 (base 5) to base 15
2357a8
Convert -11121200100 (base 3) to base 10.
-90891
What is -14241344 (base 5) in base 14?
-3c739
17443a (base 14) to base 5
202143143
What is 2334142144 (base 5) in base 12?
1975b64
5503235 (base 6) to base 3
111212100112
Convert -b30108 (base 13) to base 6.
-225213535
151a283 (base 11) to base 13
7029a4
-134523522 (base 6) to base 10
-2748362
Convert 111001100000100010111 (base 2) to base 11.
1077897
Convert -11111110011011010000100 (base 2) to base 9.
-16616224
-9458a5 (base 13) to base 7
-41323550
What is -642344 (base 9) in base 8?
-1352507
-1234849 (base 10) to base 12
-4b6741
Convert 11806807 (base 9) to base 11.
32a6541
What is -3312402044 (base 5) in base 3?
-111110102121201
Convert 102221102001 (base 3) to base 9.
387361
Convert -54466300 (base 7) to base 12.
-169395a
What is -5b08c (base 15) in base 14?
-77b78
What is -150959 (base 12) in base 5?
-42311002
What is -dbd57 (base 14) in base 13?
-15832a
-2654365 (base 8) to base 3
-1101210010022
-202011211000 (base 3) to base 13
-10ba17
-33370c (base 14) to base 6
-101131504
What is 11110010110011 (base 2) in base 10?
15539
c5867 (base 14) to base 16
744d3
111100011101000001 (base 2) to base 15
4d57c
Convert 83660 (base 14) to base 9.
532532
223328 (base 9) to base 6
2510512
What is 267195 (base 10) in base 3?
111120112010
What is aca44 (base 16) in base 5?
140112030
What is -12021010330 (base 4) in base 11?
-9aa717
4a662 (base 13) to base 15
2aa3d
What is 78731 (base 13) in base 8?
653146
What is -505635 (base 10) in base 13?
-1491c0
538676 (base 10) to base 5
114214201
2221222000002 (base 3) to base 11
985560
Convert -3765112 (base 9) to base 10.
-2050769
Convert 8b1e5 (base 15) to base 7.
3522164
What is 850277 (base 13) in base 4?
23320021301
Convert -bb126 (base 14) to base 3.
-212000101102
What is -689897 (base 10) in base 4?
-2220123221
Convert 13310112 (base 5) to base 11.
924a7
What is 12162 (base 15) in base 4?
32011130
2dc6c (base 15) to base 16
241d7
Convert 21221012200202 (base 3) to base 9.
7835622
19609 (base 15) to base 6
1433143
Convert -70c81 (base 13) to base 11.
-1288a1
What is 21244561 (base 9) in base 8?
47051751
-134337 (base 8) to base 12
-2347b
-22a269 (base 11) to base 16
-591d3
What is 102002211002222 (base 3) in base 7?
101106026
What is -115858 (base 9) in base 12?
-34598
What is 87173 (base 16) in base 2?
10000111000101110011
What is -2e263 (base 16) in base 6?
-4015043
What is 2210ad2 (base 14) in base 6?
1334405320
Convert -470905 (base 11) to base 9.
-1358682
962493 (base 13) to base 2
1101011010111011110001
Convert -2041210 (base 6) to base 9.
-160456
-10102011 (base 5) to base 7
-456425
Convert -64c80 (base 16) to base 15.
-824a0
1787a97 (base 12) to base 14
91a56b
103101030 (base 4) to base 3
11000021010
Convert 322254 (base 10) to base 12.
1365a6
-c95b9 (base 16) to base 9
-1486321
What is 421013 (base 7) in base 10?
72383
Convert 3452320 (base 8) to base 4.
3211103100
7856993 (base 10) to base 2
11101111110001101100001
What is -544b (base 16) in base 14?
-7c15
220311214 (base 6) to base 9
7371161
What is -11023222212 (base 4) in base 11?
-848732
73271a (base 11) to base 6
41102534
Convert -14b10a7 (base 14) to base 15.
-d496d4
Convert 1010100100001111011001 (base 2) to base 5.
1202114011
What is 100404332 (base 7) in base 15?
7a36eb
Convert 5033335 (base 7) to base 13.
17b762
72218 (base 11) to base 14
2a5b4
What is 1ebce9 (base 16) in base 12?
811921
163ab (base 16) to base 10
91051
Convert 45303305 (base 6) to base 10.
1377113
What is 178a0 (base 12) in base 15?
a189
Convert 3565331 (base 7) to base 13.
12b411
What is -1164772 (base 9) in base 3?
-1012011212102
-1110011011010000110101 (base 2) to base 4
-32123100311
Convert 7331041 (base 8) to base 11.
110a193
What is 54aa35 (base 12) in base 5?
321031430
Convert -1111001001110101001 (base 2) to base 4.
-1321032221
What is 1254 (base 10) in base 8?
2346
Convert 3208079 (base 10) to base 4.
30033032033
Convert 11113341 (base 6) to base 15.
69a4a
What is -4778764 (base 10) in base 16?
-48eb0c
Convert 11011111010100111111 (base 2) to base 14.
19b515
Convert -1a829 (base 13) to base 3.
-2122012220
180c9 (base 15) to base 7
442602
What is 22252b (base 12) in base 15?
aaed2
Convert -11222120202120 (base 3) to base 10.
-2649012
Convert -10011111100110111101 (base 2) to base 5.
-131410012
What is -424556 (base 8) in base 7?
-1130025
Convert 30aa4 (base 13) to base 7.
513060
-3240414 (base 5) to base 6
-1110010
90cde3 (base 15) to base 4
122033030331
22825556 (base 9) to base 7
163335156
-64a2933 (base 11) to base 14
-1735275
5845c0 (base 13) to base 7
23543056
-110113032111 (base 4) to base 8
-24271625
What is 14181 (base 9) in base 6?
112331
Convert ae51e (base 15) to base 9.
1034752
1164612 (base 7) to base 2
100100110000001001
-167349 (base 15) to base 4
-10021200012
-2708068 (base 9) to base 7
-15412022
-5103342 (base 6) to base 15
-4b9c8
318966 (base 15) to base 3
11102210101120
Convert 30321011131 (base 4) to base 13.
914344
What is -12472362 (base 10) in base 16?
-be502a
What is -1030332102 (base 4) in base 6?
-10431350
-501346 (base 7) to base 4
-110221033
-343b8 (base 15) to base 6
-3321315
What is 2507974 (base 10) in base 12?
a0b45a
What is 405024305 (base 6) in base 3?
111002100220012
Convert -34310021 (base 6) to base 15.
-15b664
What is -23102454 (base 6) in base 13?
-1ba48c
-1001122221211 (base 3) to base 6
-20032034
-21102001220120 (base 3) to base 10
-3937992
Convert 103103013331 (base 4) to base 5.
2243342234
7903c4 (base 13) to base 16
2b973f
Convert 311532 (base 6) to base 3.
1021100102
Convert -5142151 (base 6) to base 12.
-ba957
10075412 (base 8) to base 9
4003856
Convert 42ad (base 15) to base 13.
6568
Convert -1000101110101101 (base 2) to base 5.
-2121012
Convert 77566 (base 9) to base 11.
35764
1040533 (base 6) to base 2
1100101101001001
Convert 39793 (base 11) to base 3.
2212222121
What is -300010232 (base 6) in base 12?
-1830978
121101002100102 (base 3) to base 12
2ab7792
11001010111111111111100 (base 2) to base 8
31277774
What is 2880a6 (base 13) in base 10?
988786
-624d2d (base 14) to base 6
-155034021
Convert -6bedc8 (base 15) to base 3.
-100201022222022
-8906203 (base 10) to base 2
-100001111110010111011011
Convert -12233242 (base 5) to base 3.
-12222210102
Convert 1240145 (base 7) to base 13.
58349
Convert -466363 (base 8) to base 7.
-1231310
Convert -f91a4 (base 16) to base 2.
-11111001000110100100
-5ffb7 (base 16) to base 3
-201222021212
What is -10001010000011001011 (base 2) in base 4?
-2022003023
28109 (base 14) to base 2
11000001010101101
What is -130325322 (base 6) in base 16?
-26db72
What is -109214 (base 10) in base 7?
-633260
What is 168188 (base 10) in base 13?
5b727
What is -1010101100000111100001 (base 2) in base 9?
-5240734
Convert c79b (base 15) to base 2.
1010010011101101
What is 158478 (base 10) in base 11?
a9081
-1708465 (base 12) to base 2
-10010000101110010001101
-1b7ca62 (base 13) to base 16
-8b7395
What is -57d24b (base 15) in base 8?
-20002476
What is 46673 (base 9) in base 4?
13213002
625417 (base 13) to base 4
20300223301
What is -100110000010110101011 (base 2) in base 10?
-1246635
What is -210154512 (base 6) in base 7?
-43030310
33124101 (base 5) to base 16
45dc7
-411004 (base 8) to base 7
-1103403
20013131232 (base 4) to base 10
2127726
-d351 (base 14) to